12359 and 16273168.
727
What is the highest common divisor of 14 and 30042082?
14
Calculate the highest common divisor of 74211369 and 12.
3
Calculate the greatest common divisor of 4145856 and 78936.
3432
What is the highest common factor of 234613316 and 12?
4
Calculate the greatest common factor of 477427 and 1848199.
2929
What is the greatest common factor of 1678 and 939634694?
1678
Calculate the highest common factor of 361 and 8123.
1
What is the highest common divisor of 540 and 8620335?
45
Calculate the highest common divisor of 3390 and 202564930.
1130
What is the greatest common factor of 29436 and 48166662?
1338
What is the highest common factor of 5781954 and 6?
6
Calculate the greatest common factor of 1996 and 269.
1
Calculate the greatest common factor of 262 and 7706.
2
Calculate the greatest common factor of 61254 and 678276.
1494
What is the greatest common factor of 3854520 and 548630?
830
What is the highest common factor of 849911900 and 11665?
11665
Calculate the greatest common factor of 16230088 and 616.
56
Calculate the greatest common divisor of 461912 and 8120.
232
Calculate the highest common divisor of 7089252 and 108.
12
Calculate the greatest common factor of 3930 and 667077414.
786
Calculate the highest common factor of 50200030 and 115.
115
What is the greatest common factor of 107717568 and 5376?
1344
What is the greatest common factor of 25051 and 6424665?
611
What is the highest common factor of 4570880 and 50?
10
Calculate the highest common divisor of 54 and 305784477.
27
Calculate the highest common factor of 833 and 652589098.
119
What is the highest common divisor of 132050776 and 341?
11
What is the highest common divisor of 7784 and 2681?
7
Calculate the highest common divisor of 182978 and 6112.
382
Calculate the highest common divisor of 102 and 133518234.
6
What is the highest common factor of 13175 and 4617450?
775
Calculate the highest common divisor of 214235 and 721.
7
Calculate the highest common divisor of 124485 and 1437657.
579
What is the highest common factor of 1188 and 146022264?
108
What is the highest common factor of 6705051 and 165447?
1779
What is the greatest common factor of 71487 and 1682083?
611
Calculate the highest common factor of 240146 and 184064.
1438
What is the highest common divisor of 232553718 and 34185?
6837
Calculate the greatest common factor of 8923736 and 4.
4
Calculate the highest common factor of 355845490 and 3458.
3458
What is the greatest common factor of 66 and 1445906?
22
Calculate the greatest common divisor of 78 and 17689230.
78
Calculate the greatest common factor of 1371442 and 16650.
74
What is the greatest common divisor of 10246 and 4707520?
94
What is the highest common factor of 1233 and 12996?
9
Calculate the greatest common divisor of 2890 and 3327835.
1445
What is the greatest common factor of 321818925 and 1785?
255
Calculate the greatest common divisor of 4727 and 2024786.
163
What is the highest common divisor of 48 and 963096?
24
Calculate the highest common factor of 15593488 and 34.
34
Calculate the greatest common divisor of 6538452 and 1410.
282
Calculate the highest common factor of 4030488 and 2376.
792
What is the highest common factor of 4053 and 1265358759?
4053
Calculate the greatest common factor of 24190 and 378020.
410
What is the highest common factor of 40638 and 2761382?
26
What is the highest common divisor of 19050255 and 5562?
27
What is the greatest common factor of 664644079 and 178?
89
Calculate the greatest common divisor of 9844422 and 2604.
1302
What is the greatest common divisor of 421875 and 3861?
27
What is the greatest common factor of 12209667 and 37?
37
What is the greatest common factor of 234116763 and 2127?
2127
What is the greatest common divisor of 760405085 and 1595?
1595
What is the greatest common divisor of 1656 and 712471?
23
What is the highest common divisor of 5 and 1716335550?
5
Calculate the greatest common divisor of 1686828 and 1633746.
5898
What is the greatest common divisor of 1840 and 175292016?
368
Calculate the highest common factor of 987492 and 240504.
132
Calculate the highest common factor of 5040003 and 122.
61
What is the highest common divisor of 295 and 6430056?
59
Calculate the greatest common factor of 1527711 and 16089.
93
Calculate the greatest common factor of 59045038 and 9711.
1079
What is the highest common divisor of 169146439 and 7?
7
What is the highest common divisor of 119 and 218508089?
17
What is the greatest common factor of 3837 and 8926141?
1279
What is the greatest common factor of 86560 and 18770?
10
Calculate the highest common divisor of 621725 and 88075.
325
Calculate the greatest common factor of 1748 and 4373933.
437
Calculate the greatest common factor of 1694 and 3047143.
121
Calculate the highest common factor of 134 and 36269512.
134
Calculate the greatest common factor of 123956070 and 21.
21
What is the highest common factor of 18999156 and 9207?
1023
Calculate the highest common divisor of 2438004512 and 16.
16
Calculate the greatest common divisor of 12313403 and 7085.
109
Calculate the highest common factor of 431637 and 159.
3
Calculate the greatest common factor of 1560841 and 17647757.
11393
What is the greatest common factor of 3630469036 and 596?
596
Calculate the greatest common factor of 339840 and 15340.
1180
What is the highest common factor of 9417954 and 14664?
3666
Calculate the highest common factor of 21725 and 2796205.
395
What is the highest common divisor of 1416 and 70211520?
24
What is the highest common divisor of 25178421 and 732?
183
Calculate the highest common factor of 58607466 and 2847.
219
What is the greatest common factor of 26302980 and 660?
660
What is the greatest common divisor of 60824 and 5800?
8
Calculate the greatest common factor of 23660 and 11996530.
910
What is the greatest common divisor of 149000 and 659000?
1000
Calculate the greatest common divisor of 331890182 and 89622.
9958
What is the greatest common factor of 44506767 and 27?
3
What is the highest common divisor of 12360 and 17202030?
3090
What is the highest common divisor of 62068 and 2115572?
1052
Calculate the greatest common divisor of 441980 and 173184.
1804
What is the greatest common divisor of 1259934 and 609?
87
Calculate the highest common divisor of 68 and 35693236.
4
What is the highest common divisor of 2580 and 11183440?
860
What is the highest common divisor of 84472 and 6528?
8
Calculate the greatest common divisor of 321970 and 8530.
10
What is the highest common divisor of 3825 and 196164?
9
What is the highest common factor of 1793 and 228393?
11
What is the highest common factor of 43058799 and 294?
147
What is the highest common factor of 4136 and 12911182?
94
Calculate the greatest common divisor of 1 and 14088317.
1
Calculate the highest common factor of 163750 and 566075.
25
Calculate the greatest common divisor of 49182 and 318.
6
Calculate the highest common factor of 23371359 and 66.
33
What is the highest common factor of 14674777 and 280592?
923
Calculate the greatest common factor of 877453 and 50173.
383
Calculate the highest common factor of 2409965 and 44135.
485
Calculate the greatest common divisor of 395108 and 1407812.
3836
What is the greatest common divisor of 3325 and 4272415?
35
What is the highest common divisor of 1799 and 18599?
7
What is the highest common divisor of 179341806 and 7854?
714
What is the highest common factor of 1209130 and 19550?
10
What is the greatest common factor of 88100 and 6600?
100
Calculate the greatest common divisor of 137516 and 1794362.
2218
What is the highest common factor of 2445 and 550039425?
2445
What is the highest common factor of 543620134 and 9844?
4922
Calculate the highest common factor of 1112412 and 538986.
1722
Calculate the greatest common factor of 22629 and 101235.
1191
Calculate the greatest common divisor of 35 and 135797585.
35
Calculate the highest common factor of 5308167 and 52584.
939
Calculate the greatest common divisor of 8532 and 4221207.
2133
Calculate the highest common factor of 76067 and 3265893.
1247
What is the highest common divisor of 24100042 and 2514?
838
What is the highest common factor of 2988260 and 88?
44
Calculate the hi